f q?
1
Let s(a) = -6061*a + 5907. What is the hundreds digit of s(-6)?
2
Let y(t) = t**3 + 8*t**2 + 13*t + 14. Let x = -49 - -43. Let q be y(x). Suppose -q*v + 72 = -6*v. What is the units digit of v?
6
Let u be -1 - -3 - 4/(-4). Suppose 0 = u*j - 15 + 3. Suppose -5*y = -j*y - 56. What is the units digit of y?
6
Let j(s) = -8*s**3 - 3*s**2 + s + 2. Let z be j(1). What is the tens digit of 28 + (-2 - (z + 5 - -1))?
2
Let k(d) = d - 3. Let a be k(5). Suppose -h + o = a*o - 165, 5*o - 656 = -4*h. Let g = h + -121. What is the units digit of g?
8
Let y(u) be the second derivative of u**6/18 - 17*u**5/120 + u**4/2 + 26*u. Let k(j) be the third derivative of y(j). What is the units digit of k(4)?
3
Suppose 11 = s - 4*j, -s + 12 = 4*j + 25. What is the units digit of (3068/39)/(s/((-45)/6))?
0
What is the thousands digit of (0 + 3)/((-1426240)/83900 + 17)?
4
Let i(n) = 17780*n**3 - 20*n + 20. What is the thousands digit of i(1)?
7
Let r(a) = 252*a + 27. Let y be r(9). Suppose 0 = 835*c - 838*c + y. What is the tens digit of c?
6
Let x(l) = -3*l**2 + 14*l - 5*l - l**3 + 0*l**2 - 9. Let m be x(7). What is the tens digit of m/(-10) - 4/(-10)?
4
Let f(o) = 32*o**3 - 29*o + 179. What is the ten thousands digit of f(7)?
1
Let j(z) = 125*z - 74. Let x be j(13). Let k = x + -1086. What is the tens digit of k?
6
Let s be (6 + -7)*(-10)/2. Let m(a) = a**3 - 22*a**2 + 21*a + 3. Let x be m(21). Suppose -x*v = -s*v + 318. What is the hundreds digit of v?
1
Let y = 80387 - 55039. What is the hundreds digit of y?
3
Let p = 41 - 38. Suppose -p*a + 11 = -1. Suppose -105 = -a*h + 339. What is the tens digit of h?
1
Let c(o) = 293*o**3 + 4*o**2 + 97*o - 518. What is the units digit of c(5)?
2
Suppose -3*u + 12 = 0, 5*u - 24906 = -3*p + 2399. What is the thousands digit of p?
9
Suppose 2*m = 11*v - 12*v, -3*m + 3*v = 18. What is the hundreds digit of m/2 + -1 + (6 - -785)?
7
Let u(a) = -2*a**2 + 20*a - 3. Let o be u(9). Suppose 9*w - o = 111. What is the tens digit of (w/2 - -2)*(-49)/(-21)?
2
Suppose -3*k + 301*a + 37225 = 300*a, -5*k + 62055 = a. What is the ten thousands digit of k?
1
Let x be (-50)/10*4/(-10). Suppose -3*u + 1 = x*v, 0*u + u + 18 = 3*v. Suppose -p - 5 = -3*p + 5*c, 20 = 3*p - v*c. What is the units digit of p?
5
Let o = 14860 - 9077. What is the tens digit of o?
8
Let c(m) = 741*m - 62. Let j be c(3). Let b = j + -850. What is the tens digit of b?
1
Suppose 7*j - 12*j + 45774 = d, -d + j = -45822. What is the units digit of d?
4
Let x be 1 + 0/(-2) - 0/(-1). Suppose 0 = u - x - 2. Suppose -o + 105 = 5*v + u*o, -3 = v - 4*o. What is the units digit of v?
7
Let x(a) = a. Let g(y) = 220*y**2 - 9. Let m(w) = g(w) + 2*x(w). Let h(t) = 110*t**2 + t - 4. Let d(p) = 9*h(p) - 4*m(p). What is the tens digit of d(-1)?
0
What is the ten thousands digit of (8 + 1004)*(1764/152 - (-6)/(-57))?
1
Let v = 418 + -241. Suppose 9*s - v - 1326 = 0. Let u = -97 + s. What is the tens digit of u?
7
Suppose 388773 = -41*b + 228*b - 1087031. What is the thousands digit of b?
7
What is the units digit of (-825)/75 + 9918/2?
8
Let j(h) = 15*h**3 + 4*h**2 + 7*h + 8. Let c(u) = -u**3 + u + 1. Let z be (3 - (4 + -1 + 1))/1. Let w(a) = z*j(a) + 2*c(a). What is the units digit of w(-2)?
4
Let b(o) = -3*o - 18. Let s be b(-8). Suppose 5*v - s = 4. Suppose 5*z - 491 = 3*j, 9 = 5*j - v*j. What is the hundreds digit of z?
1
Suppose 44*b - 12*b - 9*b - 328026 = 0. What is the units digit of b?
2
Let i = 192 + -96. Let n = 31 + i. What is the hundreds digit of n?
1
Suppose 4*v = 13*v - 3753. What is the tens digit of v?
1
Suppose -15*p + 10*p - 5*s - 1275 = 0, -s = -p - 259. Let r = -161 - p. What is the units digit of r?
6
Let t(r) be the second derivative of -5/12*r**4 + 0 + 1/20*r**5 - 11*r - 6*r**2 - 1/3*r**3. What is the units digit of t(6)?
2
Let i(g) be the first derivative of 3*g**2/2 - 4*g + 8. Let j be i(1). What is the units digit of 16 + 3 + (-2)/j*-1?
7
Suppose -23*u - m = -20*u - 15669, -m = -5*u + 26123. What is the units digit of u?
4
Let n be (1 - 2)*(19 - 8). What is the tens digit of 54/(-5)*(n + 46/6)?
3
What is the thousands digit of ((2209974/52)/29)/((-3)/(-14))?
6
Suppose -4*v - 257 = -4*k + 5*k, 68 = -v + k. Let a = v + -7. Let x = a + 123. What is the tens digit of x?
5
Let p(r) = -r**2 + 14*r - 27. Let w = -33 + 44. Let g be p(w). What is the units digit of ((-2)/4)/(g - (-7300)/(-1216))?
2
Suppose -364*v - 144456 = -356*v. What is the thousands digit of v/(-15) - (-5)/25?
1
Let w be 225/75 - 659/1. Let c = w - -832. What is the hundreds digit of c?
1
Let t = -284 - -284. Suppose -4*o + 5*s = -2745, 5*o = -t*o + s + 3447. What is the hundreds digit of o?
6
Let b = -38 - -80. Suppose 10 = -40*t + b*t. Suppose 0 = -a - 3*a - t*q + 443, 2*q + 478 = 4*a. What is the units digit of a?
7
Suppose 35*g = 17*g + 73224. What is the hundreds digit of g?
0
Let n = -1092 + 8955. What is the units digit of n?
3
What is the units digit of (172/(-387) + 103/9)/(1/830)?
0
Suppose 79 = -2*x - 3*o, -o - 5 = -4*x - 142. Let k = x - -40. What is the hundreds digit of 128 + (-15)/k + 6?
1
Suppose -3*u + 1306 = 145. Let o = -1036 + 1157. Suppose 2*q - o = u. What is the units digit of q?
4
Let f = -121 - -123. Suppose 2*y - f*d = 3*d - 21, -y + 2*d - 8 = 0. Suppose -159 = -y*l + 315. What is the units digit of l?
7
Suppose 76197 = 211*a - 178*a. What is the hundreds digit of a?
3
Let b = 505 + -488. What is the tens digit of (1938/b)/((-3)/(-39))?
8
Let n(d) = -d**3 + 11*d**2 - 17*d - 4. Let j be n(9). Suppose 8 = j*l - 6*l. What is the units digit of (-2)/l - 93/(-12)?
8
Let r = 97399 - 57681. What is the units digit of r?
8
What is the ten thousands digit of (-2)/9 - (2 - (17296000/72)/10)?
2
Let z(u) = u**2 + 11*u + 8. Let d be z(-12). What is the hundreds digit of d/9 + (-42)/189 - -662?
6
Let r(i) be the third derivative of 2*i**5/15 - i**4/3 + 10*i**3/3 + 5*i**2 + 3*i. What is the units digit of r(7)?
6
Suppose 13*y - 8*y + 4070 = 0. Let g = -457 - y. What is the units digit of g?
7
Let g = 2865 + 31716. What is the ten thousands digit of g?
3
What is the units digit of (2*108/(-20))/((-6)/8310)?
8
Let c = 191 + 8516. What is the thousands digit of c?
8
Suppose -548*q + 265*q = -272*q - 141262. What is the hundreds digit of q?
8
Suppose 40 + 68 = 27*a. Suppose -12*y + 8*y = -20, -3*d + a*y = -1330. What is the tens digit of d?
5
Suppose -6*y - 79058 = -4*z, 5*y = 3*z - 28894 - 30400. What is the units digit of z?
3
Suppose -3*l = 4*t - 41999, 3*t + l - 7896 = 23602. What is the hundreds digit of t?
4
Let a(c) = -c**3 + 43*c**2 - 119*c - 36. Let l be a(40). Let j be 2 - 1/(-1)*1. Suppose l*o = -v + 308, -j*v - 6 = 6. What is the units digit of o?
8
Suppose 16*n - 758407 + 123255 = 0. What is the ten thousands digit of n?
3
Suppose -78 - 3 = -27*g. Suppose -g*q + 611 = 2*o, 0 = 3*q + 3*o + 118 - 724. What is the units digit of q?
7
Suppose -2*v = -v - 2*o - 14, 2*v = 5*o + 31. Let a be 2 + (-56)/32 - (-6)/v. What is the tens digit of (84 - a) + 4/4?
8
Suppose 2*m = -5*a + 134174, 5*a - 883*m - 134183 = -882*m. What is the tens digit of a?
3
What is the tens digit of (90366/4)/(822/548)?
6
Suppose -3*t + 3277 = -3*u - 1355, 2*t = -2*u + 3084. Let z = t - 118. What is the tens digit of z?
2
Let m = -10599 + 17939. What is the hundreds digit of m?
3
Let a(x) = 4*x - 34. Let t be a(11). Suppose -t*p = p - 66. Suppose 0 = -2*j + p, 3*f = -f - 4*j + 232. What is the units digit of f?
5
Suppose -3*f = 3*s - 4*f - 43, 0 = 5*s - 3*f - 69. Suppose -2*v + 6*v = 2*g + 10, v - s = 3*g. Suppose v*w + w - 87 = 0. What is the units digit of w?
7
Let v = -24501 + 33358. What is the tens digit of v?
5
Let k = -10 - -18. Suppose -k*n + 421 = -83. Let p = n + 30. What is the tens digit of p?
9
Let z = 4587 - 594. What is the units digit of z?
3
Let w(u) = 90*u**3 + 2*u**2. Suppose -3*g = -2*c - 8, 20 = 4*c - g + 4*g. What is the hundreds digit of w(c)?
7
Let g be (-5610)/(-25) + (-26)/(-10) + -3. Suppose -4*h + 6*h = 4*m + 96, -5*h + 2*m = -g. Let a = 24 + h. What is the units digit of a?
8
Let u(s) = -17*s**2 + 3*s + 3. Let o(b) = -50*b**2 + 10*b + 8. Let f(c) = 2*o(c) - 7*u(c). Let t be f(-3). What is the units digit of (0 + -7)/((-13)/t)?
1
Let t = 277 - 273. Suppose -5*m - 3344 = -t*b, -4*b